{"id":1070,"date":"2024-09-24T09:50:34","date_gmt":"2024-09-24T09:50:34","guid":{"rendered":"https:\/\/hypnothys.fr\/?page_id=1070"},"modified":"2024-11-28T10:57:37","modified_gmt":"2024-11-28T10:57:37","slug":"p-n-l","status":"publish","type":"page","link":"https:\/\/hypnothys.fr\/?page_id=1070","title":{"rendered":"P.N.L"},"content":{"rendered":"\t\t<div data-elementor-type=\"wp-page\" data-elementor-id=\"1070\" class=\"elementor elementor-1070\">\n\t\t\t\t<div class=\"elementor-element elementor-element-bd96d14 e-flex e-con-boxed e-con e-parent\" data-id=\"bd96d14\" data-element_type=\"container\" data-e-type=\"container\" data-settings=\"{&quot;background_background&quot;:&quot;classic&quot;}\">\n\t\t\t\t\t<div class=\"e-con-inner\">\n\t\t\t\t<div class=\"elementor-element elementor-element-e619485 elementor-invisible elementor-widget elementor-widget-heading\" data-id=\"e619485\" data-element_type=\"widget\" data-e-type=\"widget\" data-settings=\"{&quot;_animation&quot;:&quot;fadeIn&quot;}\" data-widget_type=\"heading.default\">\n\t\t\t\t<div class=\"elementor-widget-container\">\n\t\t\t\t\t<h2 class=\"elementor-heading-title elementor-size-default\">PNL<\/h2>\t\t\t\t<\/div>\n\t\t\t\t<\/div>\n\t\t\t\t\t<\/div>\n\t\t\t\t<\/div>\n\t\t<div class=\"elementor-element elementor-element-df894d1 e-flex e-con-boxed e-con e-parent\" data-id=\"df894d1\" data-element_type=\"container\" data-e-type=\"container\">\n\t\t\t\t\t<div class=\"e-con-inner\">\n\t\t<div class=\"elementor-element elementor-element-7c56abb e-con-full e-flex e-con e-child\" data-id=\"7c56abb\" data-element_type=\"container\" data-e-type=\"container\" data-settings=\"{&quot;background_background&quot;:&quot;classic&quot;}\">\n\t\t<div class=\"elementor-element elementor-element-9a1c493 e-con-full e-flex e-con e-child\" data-id=\"9a1c493\" data-element_type=\"container\" data-e-type=\"container\">\n\t\t\t\t<div class=\"elementor-element elementor-element-4d48af5 elementor-widget-mobile__width-initial elementor-invisible elementor-widget elementor-widget-image\" data-id=\"4d48af5\" data-element_type=\"widget\" data-e-type=\"widget\" data-settings=\"{&quot;_animation&quot;:&quot;fadeInLeft&quot;}\" data-widget_type=\"image.default\">\n\t\t\t\t<div class=\"elementor-widget-container\">\n\t\t\t\t\t\t\t\t\t\t\t\t\t\t\t<img fetchpriority=\"high\" decoding=\"async\" width=\"1024\" height=\"701\" src=\"https:\/\/hypnothys.fr\/wp-content\/uploads\/2024\/09\/trees-8686902_1280-1024x701.webp\" class=\"attachment-large size-large wp-image-1323\" alt=\"\" srcset=\"https:\/\/hypnothys.fr\/wp-content\/uploads\/2024\/09\/trees-8686902_1280-1024x701.webp 1024w, https:\/\/hypnothys.fr\/wp-content\/uploads\/2024\/09\/trees-8686902_1280-300x205.webp 300w, https:\/\/hypnothys.fr\/wp-content\/uploads\/2024\/09\/trees-8686902_1280-768x526.webp 768w, https:\/\/hypnothys.fr\/wp-content\/uploads\/2024\/09\/trees-8686902_1280.webp 1280w\" sizes=\"(max-width: 1024px) 100vw, 1024px\" \/>\t\t\t\t\t\t\t\t\t\t\t\t\t\t\t<\/div>\n\t\t\t\t<\/div>\n\t\t\t\t<div class=\"elementor-element elementor-element-9cda949 elementor-align-center elementor-widget elementor-widget-button\" data-id=\"9cda949\" data-element_type=\"widget\" data-e-type=\"widget\" data-widget_type=\"button.default\">\n\t\t\t\t<div class=\"elementor-widget-container\">\n\t\t\t\t\t\t\t\t\t<div class=\"elementor-button-wrapper\">\n\t\t\t\t\t<a class=\"elementor-button elementor-button-link elementor-size-sm elementor-animation-grow\" href=\"https:\/\/www.resalib.fr\/praticien\/92891-beatrice-verani-hypnothy-s-hypnotherapeute-salon-de-provence\">\n\t\t\t\t\t\t<span class=\"elementor-button-content-wrapper\">\n\t\t\t\t\t\t\t\t\t<span class=\"elementor-button-text\">Reservation<\/span>\n\t\t\t\t\t<\/span>\n\t\t\t\t\t<\/a>\n\t\t\t\t<\/div>\n\t\t\t\t\t\t\t\t<\/div>\n\t\t\t\t<\/div>\n\t\t\t\t<\/div>\n\t\t<div class=\"elementor-element elementor-element-22d72de e-con-full e-flex elementor-invisible e-con e-child\" data-id=\"22d72de\" data-element_type=\"container\" data-e-type=\"container\" data-settings=\"{&quot;animation&quot;:&quot;fadeInRight&quot;}\">\n\t\t\t\t<div class=\"elementor-element elementor-element-6364fbb elementor-widget elementor-widget-text-editor\" data-id=\"6364fbb\" data-element_type=\"widget\" data-e-type=\"widget\" data-widget_type=\"text-editor.default\">\n\t\t\t\t<div class=\"elementor-widget-container\">\n\t\t\t\t\t\t\t\t\t<p><strong>PNL et Hypnose<\/strong><\/p><p>Dans mon approche d&rsquo;hypnoth\u00e9rapie, j&rsquo;int\u00e8gre la Programmation neuro-linguistique (PNL) car elle constitue un outil puissant pour accompagner le changement de mani\u00e8re efficace et durable. La PNL repose sur une compr\u00e9hension de la fa\u00e7on dont nos pens\u00e9es, \u00e9motions et comportements sont interconnect\u00e9s. Elle permet d&rsquo;agir directement sur nos sch\u00e9mas mentaux, nos croyances et nos perceptions, afin de les transformer positivement.<\/p><p><strong>Qu&rsquo;est-ce que la PNL ?<\/strong><\/p><p>La programmation neuro-linguistique (PNL) a \u00e9t\u00e9 d\u00e9velopp\u00e9e dans les ann\u00e9es 1970 par Richard Bandler et John Grinder. L&rsquo;objectif de ces deux chercheurs am\u00e9ricains \u00e9tait de mod\u00e9liser l&rsquo;excellence en \u00e9tudiant les comportements et strat\u00e9gies de r\u00e9ussite de th\u00e9rapeutes renomm\u00e9s comme Milton Erickson. La PNL permet ainsi de d\u00e9coder la mani\u00e8re dont nous pensons et dont nous communiquons avec nous-m\u00eames et les autres. Elle aide \u00e0 comprendre comment nos pens\u00e9es influencent nos \u00e9motions, et comment ces \u00e9motions fa\u00e7onnent nos actions au quotidien. Ce qui est particuli\u00e8rement int\u00e9ressant avec la PNL, c\u2019est qu\u2019elle nous donne la possibilit\u00e9 de modifier ces processus pour favoriser un bien-\u00eatre plus profond.<\/p>\t\t\t\t\t\t\t\t<\/div>\n\t\t\t\t<\/div>\n\t\t\t\t<\/div>\n\t\t\t\t<\/div>\n\t\t\t\t\t<\/div>\n\t\t\t\t<\/div>\n\t\t<div class=\"elementor-element elementor-element-9db2adb e-flex e-con-boxed e-con e-parent\" data-id=\"9db2adb\" data-element_type=\"container\" data-e-type=\"container\">\n\t\t\t\t\t<div class=\"e-con-inner\">\n\t\t<div class=\"elementor-element elementor-element-f5217c9 e-con-full e-flex e-con e-child\" data-id=\"f5217c9\" data-element_type=\"container\" data-e-type=\"container\" data-settings=\"{&quot;background_background&quot;:&quot;classic&quot;}\">\n\t\t<div class=\"elementor-element elementor-element-584ef31 e-con-full e-flex elementor-invisible e-con e-child\" data-id=\"584ef31\" data-element_type=\"container\" data-e-type=\"container\" data-settings=\"{&quot;animation&quot;:&quot;fadeInRight&quot;}\">\n\t\t\t\t<div class=\"elementor-element elementor-element-2122e71 elementor-widget-mobile__width-initial elementor-invisible elementor-widget elementor-widget-image\" data-id=\"2122e71\" data-element_type=\"widget\" data-e-type=\"widget\" data-settings=\"{&quot;_animation&quot;:&quot;fadeInLeft&quot;}\" data-widget_type=\"image.default\">\n\t\t\t\t<div class=\"elementor-widget-container\">\n\t\t\t\t\t\t\t\t\t\t\t\t\t\t\t<img decoding=\"async\" width=\"682\" height=\"1024\" src=\"https:\/\/hypnothys.fr\/wp-content\/uploads\/2024\/09\/nature-4720090_1280-682x1024.jpg\" class=\"attachment-large size-large wp-image-1340\" alt=\"\" srcset=\"https:\/\/hypnothys.fr\/wp-content\/uploads\/2024\/09\/nature-4720090_1280-682x1024.jpg 682w, https:\/\/hypnothys.fr\/wp-content\/uploads\/2024\/09\/nature-4720090_1280-200x300.jpg 200w, https:\/\/hypnothys.fr\/wp-content\/uploads\/2024\/09\/nature-4720090_1280-768x1152.jpg 768w, https:\/\/hypnothys.fr\/wp-content\/uploads\/2024\/09\/nature-4720090_1280.jpg 853w\" sizes=\"(max-width: 682px) 100vw, 682px\" \/>\t\t\t\t\t\t\t\t\t\t\t\t\t\t\t<\/div>\n\t\t\t\t<\/div>\n\t\t\t\t<\/div>\n\t\t<div class=\"elementor-element elementor-element-8146e9f e-con-full e-flex elementor-invisible e-con e-child\" data-id=\"8146e9f\" data-element_type=\"container\" data-e-type=\"container\" data-settings=\"{&quot;animation&quot;:&quot;fadeInRight&quot;}\">\n\t\t\t\t<div class=\"elementor-element elementor-element-ac59421 elementor-invisible elementor-widget elementor-widget-text-editor\" data-id=\"ac59421\" data-element_type=\"widget\" data-e-type=\"widget\" data-settings=\"{&quot;_animation_delay&quot;:200,&quot;_animation&quot;:&quot;fadeInLeft&quot;}\" data-widget_type=\"text-editor.default\">\n\t\t\t\t<div class=\"elementor-widget-container\">\n\t\t\t\t\t\t\t\t\t<p><strong>Les bienfaits de la PNL<\/strong><\/p><p>La PNL offre de nombreux bienfaits dans le cadre des s\u00e9ances d\u2019hypnoth\u00e9rapie :<\/p><p><strong>R\u00e9duction des blocages \u00e9motionnels :<\/strong>\u00a0elle aide \u00e0 identifier et \u00e0 dissocier les croyances limitantes et les peurs qui peuvent vous emp\u00eacher d&rsquo;avancer.<br \/><strong>Am\u00e9lioration de la communication :<\/strong>\u00a0en travaillant sur votre mani\u00e8re de penser et de vous exprimer, la PNL va favoriser des relations plus saines, que ce soit avec vous-m\u00eame ou avec les autres.<strong>Renforcement de la confiance en soi :<\/strong> en modifiant vos sch\u00e9mas de pens\u00e9e n\u00e9gatifs, elle vous permet de d\u00e9velopper une image de vous plus positive et align\u00e9e avec vos aspirations.<br \/><strong>Gestion du stress des \u00e9motions :<\/strong> la PNL vous permet d\u2019apprendre \u00e0 mieux g\u00e9rer les situations de stress et \u00e0 adopter des \u00e9tats d&rsquo;esprit plus sereins face aux d\u00e9fis du quotidien.<\/p><p><strong>Une approche globale<\/strong><\/p><p>L\u00e0 o\u00f9 la PNL se distingue particuli\u00e8rement, c&rsquo;est par son approche humaniste. Chaque personne est unique, avec ses propres histoires, croyances et aspirations. La PNL permet de s&rsquo;adapter \u00e0 cette unicit\u00e9 en travaillant sur les besoins sp\u00e9cifiques de chacun. Cette technique ne se contente pas de traiter les sympt\u00f4mes : elle s&rsquo;int\u00e9resse \u00e0 la personne dans sa globalit\u00e9, en cherchant \u00e0 r\u00e9tablir un \u00e9quilibre entre le corps et l&rsquo;esprit.<br \/>En int\u00e9grant cette technique \u00e0 mes s\u00e9ances d&rsquo;hypnoth\u00e9rapie, je vous propose un accompagnement qui prend en compte \u00e0 la fois votre aspect \u00e9motionnel, cognitif et comportemental. Cette approche holistique permet un v\u00e9ritable cheminement vers un mieux-\u00eatre, en alignant les pens\u00e9es, les \u00e9motions et les actions de mani\u00e8re harmonieuse.<\/p>\t\t\t\t\t\t\t\t<\/div>\n\t\t\t\t<\/div>\n\t\t\t\t<\/div>\n\t\t\t\t<\/div>\n\t\t\t\t\t<\/div>\n\t\t\t\t<\/div>\n\t\t\t\t<\/div>\n\t\t","protected":false},"excerpt":{"rendered":"<p>PNL Reservation PNL et Hypnose Dans mon approche d&rsquo;hypnoth\u00e9rapie, j&rsquo;int\u00e8gre la Programmation neuro-linguistique (PNL) car elle constitue un outil puissant pour accompagner le changement de mani\u00e8re efficace et durable. La PNL repose sur une compr\u00e9hension de la fa\u00e7on dont nos pens\u00e9es, \u00e9motions et comportements sont interconnect\u00e9s. Elle permet d&rsquo;agir directement sur nos sch\u00e9mas mentaux, nos [&hellip;]<\/p>\n","protected":false},"author":1,"featured_media":0,"parent":0,"menu_order":0,"comment_status":"closed","ping_status":"closed","template":"elementor_header_footer","meta":{"_monsterinsights_skip_tracking":false,"_monsterinsights_sitenote_active":false,"_monsterinsights_sitenote_note":"","_monsterinsights_sitenote_category":0,"footnotes":""},"class_list":["post-1070","page","type-page","status-publish","hentry"],"blocksy_meta":[],"_links":{"self":[{"href":"https:\/\/hypnothys.fr\/index.php?rest_route=\/wp\/v2\/pages\/1070","targetHints":{"allow":["GET"]}}],"collection":[{"href":"https:\/\/hypnothys.fr\/index.php?rest_route=\/wp\/v2\/pages"}],"about":[{"href":"https:\/\/hypnothys.fr\/index.php?rest_route=\/wp\/v2\/types\/page"}],"author":[{"embeddable":true,"href":"https:\/\/hypnothys.fr\/index.php?rest_route=\/wp\/v2\/users\/1"}],"replies":[{"embeddable":true,"href":"https:\/\/hypnothys.fr\/index.php?rest_route=%2Fwp%2Fv2%2Fcomments&post=1070"}],"version-history":[{"count":25,"href":"https:\/\/hypnothys.fr\/index.php?rest_route=\/wp\/v2\/pages\/1070\/revisions"}],"predecessor-version":[{"id":1721,"href":"https:\/\/hypnothys.fr\/index.php?rest_route=\/wp\/v2\/pages\/1070\/revisions\/1721"}],"wp:attachment":[{"href":"https:\/\/hypnothys.fr\/index.php?rest_route=%2Fwp%2Fv2%2Fmedia&parent=1070"}],"curies":[{"name":"wp","href":"https:\/\/api.w.org\/{rel}","templated":true}]}}